rime factors of i?
2, 3
Let d(o) = 2*o**2 - 9*o - 13. Let c be d(9). Suppose -5*w = 3*u - 92, -u - u + c = 2*w. What are the prime factors of u?
3, 13
Suppose 2*h = 3*h - 31. What are the prime factors of h?
31
Let u(g) = g**2 + g + 14. Let n(k) be the second derivative of -k**4/12 - 2*k**3/3 - 3*k**2/2 - k. Let r be n(-3). What are the prime factors of u(r)?
2, 7
Let h be (-1 - -3)/(2 - 1). Let r(b) be the third derivative of b**6/120 + b**4/8 - b**3/3 - 3*b**2. What are the prime factors of r(h)?
2, 3
Suppose 3*r + 3*d = 6*d + 9, 2*r - 3*d = 9. Suppose -m - m = r. Suppose o - 2 - 1 = m, -5*z + 2*o + 14 = 0. List the prime factors of z.
2
Let f be 36/10 - 8/(-20). Let x be (-3)/1 - (-8)/f. Let k = 6 - x. List the prime factors of k.
7
Suppose 0 = -15*h + 13*h + 6. What are the prime factors of h?
3
Let t = 20 - 12. List the prime factors of t.
2
Let x be (-43)/6 + (-2)/(-12). Let q = 5 - x. List the prime factors of q.
2, 3
Suppose 0 = -5*w + 2*n - 0*n + 198, 2*w = -3*n + 83. List the prime factors of w.
2, 5
Suppose 0 = t + t - 4*x - 6, -3*t - 9 = 3*x. Let r = 12 - 8. Let s = t + r. List the prime factors of s.
3
Suppose -3*s = 5*c - 292, -4*c + 3*s - s + 216 = 0. List the prime factors of c.
2, 7
Suppose -m + 2*d = -128, -2*m = -d - 163 - 93. Suppose 38 = -5*l + m. What are the prime factors of l?
2, 3
Let s be 30/(-9)*(-12)/10. Suppose 0 = 4*x + 5*d - 47, -s*d = -5*x - 7*d + 62. What are the prime factors of x?
13
Suppose 0 = 11*p - 16*p + 625. What are the prime factors of p?
5
Let v(r) = -38*r + 1. Let q be v(1). Let d = -26 - q. What are the prime factors of d?
11
Suppose -3*k + k = 16. What are the prime factors of 12/k*76/(-6)?
19
Let z(o) = 141*o**2 - 1 - 13*o**3 - 141*o**2. What are the prime factors of z(-1)?
2, 3
What are the prime factors of -2*(2 + 63/(-2))?
59
Suppose -c + 4*c = 33. Suppose p = -c + 35. What are the prime factors of p?
2, 3
Suppose -4*b - 5 + 9 = 0. Let z = -1 + 3. Suppose -b - 23 = -z*r. List the prime factors of r.
2, 3
Suppose -54 + 230 = n. List the prime factors of n.
2, 11
Suppose -3*c = 4*t + 47, -3*c - 49 = 4*t + 2*c. Let s = t + 19. List the prime factors of s.
2
Let x(u) = -u**2 - 5*u + 5. Let z be x(-5). Suppose -3*m = -m - 4. Suppose -4*i - m*k + 56 = 2*k, 0 = -z*i + k + 58. What are the prime factors of i?
2, 3
Let u be 0 + -1 + 3 - 2. Suppose 0 = -u*n - 5*n + 35. What are the prime factors of n?
7
Suppose -z - 417 = -3*a, -696 = -5*a + z + z. Suppose -a = -5*k + h - 4*h, 0 = h - 1. List the prime factors of k.
3
Suppose f - 53 = -2*t, 3*f + 5 = 2*f. List the prime factors of t.
29
Let n(u) be the first derivative of u - 3. Let v(a) = -2*a + 18. Let b(m) = 48*n(m) - 3*v(m). List the prime factors of b(4).
2, 3
Let b(g) = -4*g**3 - 9*g**2 - g + 1. Let v(s) = -7*s**3 - 17*s**2 - 2*s + 2. Let t(l) = 5*b(l) - 3*v(l). List the prime factors of t(-5).
19
Suppose 159 = m + 2*m. What are the prime factors of m?
53
Suppose -5 = -9*r + 4*r. Suppose -f + 1 = -r. Suppose y - 5 = o - f, 3*y - o = 17. List the prime factors of y.
7
Let o = -109 - -156. What are the prime factors of o?
47
Let t be -20 - (1 - 0) - -2. Let u = t - -5. List the prime factors of 8/28 + (-66)/u.
5
Let r(i) = 2. Let j(d) = d + 1. Let a(t) = -10*j(t) + 5*r(t). Let u be a(-2). Suppose -6*b = -b - u. What are the prime factors of b?
2
Let z = -369 - -705. List the prime factors of z.
2, 3, 7
Suppose -104 = -2*m - 2*m. Let f be (-2)/8 - m/(-8). Suppose -18 = t - f*t. What are the prime factors of t?
3
Let h(a) = -a**2 + 4*a - 1. Let s be 36/16 - (-2)/(-8). List the prime factors of h(s).
3
Let s = -74 - -164. What are the prime factors of s?
2, 3, 5
Let a(h) = 2*h - 2 + 2 + h**3 - 2 + 4*h**2. Let i be a(-2). Suppose i*r + r = n - 4, 3*n + 2*r - 34 = 0. What are the prime factors of n?
2, 5
Suppose 5*q - 10 = 15. Let g(j) = 1 + 1 - 4*j - 6 + 7*j. What are the prime factors of g(q)?
11
Let g = -13 + 13. Let w = 23 - g. List the prime factors of w.
23
Let x = -5 + 10. List the prime factors of x.
5
Let y(t) be the first derivative of t**3/3 + 3*t**2/2 - 7*t - 1. Let f be y(-5). Suppose -2*j + 4*w + 80 = f*j, 4*j - 28 = -4*w. List the prime factors of j.
2, 3
Let b(v) = -v + 8. Let m be b(-8). Let q = m + -11. Suppose -3*s - q*d + 4 = -10, 2*s - 10 = -3*d. What are the prime factors of s?
2
Let i be (1 - (-5)/(-3))*-3. Suppose 0 = i*y - 0 - 4. List the prime factors of y*-3*(-5)/3.
2, 5
Let o be (-18)/(-9) - (1 + -23). Suppose 3*k + 9 = -2*j + 1, 4*j - 4*k = o. List the prime factors of j.
2
List the prime factors of (-60)/6*13/(-2).
5, 13
Suppose h + 2 = 0, k - 3*h + 0 = 4. Let a be (6 + k)/(-4 - -6). Suppose 4*y = -5*s + 97, 5 = -a*y + 3*s + 48. What are the prime factors of y?
23
Suppose -11*p = 2*p - 611. What are the prime factors of p?
47
Let m(c) be the first derivative of 2*c**3/3 - 2*c**2 + 4*c - 10. What are the prime factors of m(4)?
2, 5
Let a = -41 - -27. Let y = a + 22. What are the prime factors of y?
2
Suppose 12 = 5*u - 13, 3*n + 19 = 5*u. Suppose 0 = -n*c - 8, -k + 22 = 2*k - 4*c. List the prime factors of k.
2
Suppose 5*n - 3*y = 72, 0*n + 44 = 2*n - 5*y. What are the prime factors of n?
2, 3
Suppose 5*s - 15 = 0, -m + 0*m - 2*s = -2. Let t(k) = k**3 + 3*k**2 - 5*k - 4. Let d be t(m). What are the prime factors of 1 + -1 + d + 10?
2, 5
Let a(f) = -f**3 - f + 3. What are the prime factors of a(0)?
3
Let n = -657 + 966. What are the prime factors of n?
3, 103
Let i(d) = d**2 - 4*d - 3. Suppose -7 - 5 = -2*f. List the prime factors of i(f).
3
Let c = -328 + 637. List the prime factors of c.
3, 103
List the prime factors of (-2)/6*(-2 + -139).
47
Let a(u) = -u + 23. Let o be a(16). Let x(t) = t**3 - 6*t**2 - 2*t + 5. What are the prime factors of x(o)?
2, 5
List the prime factors of (-2)/(-16) + (-717)/(-24).
2, 3, 5
Let l = 6 + -4. Suppose 0 = -5*u + 5*w + 80, 3*u - 6*w - 47 = -l*w. List the prime factors of u.
17
Suppose 256 = 4*l + 2*r, 0*l - 71 = -l + 3*r. List the prime factors of l.
5, 13
Suppose 30 - 112 = -u. List the prime factors of u.
2, 41
Let r(d) = -d + 15. List the prime factors of r(9).
2, 3
Suppose u + 4*u + 260 = 0. What are the prime factors of 2061/39 - 8/u?
53
Suppose 57 = 2*v + v. Suppose 4*m - 117 = v. What are the prime factors of m?
2, 17
Suppose -15*t + 237 = -12*t. List the prime factors of t.
79
Suppose c = y + y - 8, 3*y = 2*c + 11. Let f be 1/((5/2)/y). Let h = f + 11. What are the prime factors of h?
13
Suppose -4*l = -5*f - 11, 0*f - f + 5 = l. Suppose 3*g = l*g - 5. What are the prime factors of g?
5
List the prime factors of (-2 - 0)/((-10)/60).
2, 3
What are the prime factors of (341/(-5))/((-30)/150)?
11, 31
Suppose 0 = -0*o - 2*o - 4, 0 = -5*r + 5*o + 275. List the prime factors of r.
53
Let q(f) = 8*f**2 + 5*f - 2. Let b(o) = -17*o**2 - 11*o + 5. Let n(a) = 4*b(a) + 9*q(a). What are the prime factors of n(-2)?
2
Let j(a) be the third derivative of -a**6/240 - a**5/120 - a**4/24 + 2*a**2. Let m(t) be the second derivative of j(t). What are the prime factors of m(-4)?
11
Suppose 0*g - p = -4*g + 253, 2*g = 4*p + 144. What are the prime factors of g?
2, 31
Let y(r) = r**2 - 6*r - 9. Let u be y(7). Let g = u - -6. Suppose 5*p + x - 15 = 37, 5*p = g*x + 67. What are the prime factors of p?
11
Suppose -4*f + 3*f + 5 = 0. What are the prime factors of 44/2 + (-10)/f?
2, 5
Suppose 11*l = 2*l + 477. What are the prime factors of l?
53
Let c be 1/(-2)*(2 - 2). Let q = c - -3. What are the prime factors of q?
3
Suppose 0 = 3*x - 110 - 106. Let d = 104 - x. What are the prime factors of d?
2
List the prime factors of 1790/15 + 1 + 4/(-12).
2, 3, 5
Let m(p) = 3*p**2 - 4*p - 3. Let r be m(5). Suppose 4*k + r = 5*y - 3*y, -16 = 4*k. What are the prime factors of y?
2, 3
Suppose -12 = -2*n - 3*l, -45 = -5*n + 5*l + 35. What are the prime factors of 42/2 + (9 - n)?
2, 3
Let b be 2*-3*(-1)/3. List the prime factors of (1/b)/((-4)/(-56)).
7
Suppose 3*s + 20 = 8, -2*c + 5*s + 236 = 0. List the prime factors of c.
2, 3
Let w(z) = 4 - 5 + 9 - z. Let c be w(4). Suppose -35 = -c*j + 1. List the prime factors of j.
3
Let j be (3/(-2))/3*2. Let r(s) be the second derivative of 2*s**4/3 - s**3/3 - s**2/2 + s. List the prime factors of r(j).
3
Suppose 19 = 2*f - 3*o, -o = 3*f + 2*o - 6. Suppose -f*a + 1 = -99. Lis